2)).
18
What is -1226 - -1247 - (39 + 1)?
-19
What is -149 - -85 - (1 - 36)?
-29
What is the value of -3 - (-495 + 501 + (-1 - (0 + 0)))?
-8
What is (-4 + -4 + 14 - 14 - -3) + -27?
-32
Calculate (530 - 519) + (1 - 11).
1
What is 15 - 3 - (-29 + 15 + 47)?
-21
Evaluate -2 + 10 + (-423 - -431).
16
What is (4 - 1 - 19) + (-20 - -21)?
-15
Evaluate (27 - 3) + -47 + (84 - 34).
27
What is the value of (-14 + -12 - -13) + 23?
10
What is (-24 + 26 + 2 - 4) + (5 - 0)?
5
Evaluate 1 + (-119 - -115) + 1 + 4.
2
(1 - 13) + (2 + -9 - 2)
-21
Evaluate (1 - -22) + -22 + (-5 - -21 - -9).
26
Calculate (-45 - -12) + 16 + 5.
-12
(38 - 30) + (3 - 1 - 4) + -3
3
Calculate (0 - (-3 - -18)) + 22.
7
What is the value of (-7 + -1 - (16 - 32)) + -10?
-2
Calculate 10 - (1 + 31 + (9 - (1 - 0))).
-30
Calculate (1 - (9 + 0)) + 6 + 0.
-2
103 + -106 + (3 - -2)
2
Calculate 2 + -7 + (-47 - -37).
-15
What is (4 - -6) + 0 + -2 - -4?
12
Calculate 3 - (2 + (9 - 0) + -5).
-3
-18 + 29 + (-2 - -7)
16
What is (4 - (-6 + 3 - -8)) + (2 - 11)?
-10
What is -6 + 3 - (-4 - (12 + -6))?
7
What is the value of (0 - 20) + (26 - 38) + -2?
-34
Calculate -12 + 9 + 0 - (16 - 11).
-8
(-30 - (-27 - -9) - -14) + -17
-15
1 + 10 + (-16 - -51 - 35)
11
What is 3718 + -3677 - (0 + 36)?
5
Evaluate -5 + -5 + 7 - 3 - -25.
19
-21 + 41 + (8 - 24)
4
Evaluate (38 - 30) + -3 + -17.
-12
Calculate (-3 - (-19 - -2)) + 0.
14
What is the value of -11 - (-2 + -24 + 9)?
6
What is the value of -34 + 43 + 37 + -73?
-27
What is (23 - (21 + 2)) + -1 + -6 + 2?
-5
-29 + 33 + -18 + (-2 - (2 + -4))
-14
What is the value of -6 - -11 - (13 - (-4 + 1 + 0))?
-11
Evaluate 0 + 2 + (-9 - -3) + 16.
12
What is 4 + -4 + -5 + 13 + (1 - -2)?
11
What is the value of (0 + -2 - -4) + (5 - 12) + 24?
19
What is -13 + -20 + (-6 - -39) + -16 + 0?
-16
What is 0 + 10 + -21 + -10 - (8 + -2)?
-27
Evaluate -5 - 1 - (97 - 110).
7
-37 + 6 + 4 + 44
17
What is the value of (19 - 7) + -5 + -17 + 1?
-9
Calculate (5 - -2) + (-32 + 15 - -18).
8
What is the value of 27 + (-14 - -30 - 5)?
38
What is the value of 4 + -1 - (32 - 38 - -8)?
1
-2 + (-5 + 7 - (-3 - -7))
-4
Calculate (0 - -12) + -11 - 2 - (-13 - -1).
11
What is (13 + 9 - 18) + 1 + (18 - -1)?
24
Calculate -3 + -9 - (-17 + 27) - (-17 - -8).
-13
What is -5 - -19 - 21 - -11?
4
What is -174 + 149 - (3 + -27)?
-1
What is the value of 41 - (6 + 4 - 2)?
33
Evaluate -3 - (16 - 9 - -4).
-14
What is (-10 - (45 + -14)) + 25?
-16
Calculate 5 - ((7 - 11 - 1) + 28).
-18
6 - (-5 + (14 - 4)) - (-28 + 6)
23
Evaluate (46 + -17 - 47) + -2.
-20
What is the value of 1956 + -1950 + 7 + -2 + -1?
10
What is the value of 20 - 23 - (-2 - -1 - 12)?
10
What is the value of -14 + (-17 + 30 - -12)?
11
What is 41 - 18 - (4 + 3 + 4)?
12
What is 53 - 53 - (-1 - 3) - -7?
11
What is (-2 - 3 - -24) + 0 + 2 + -8?
13
What is -18 - (3 + 2 + (-17 - -5))?
-11
Calculate -8 - (-5 - (-7 - -18)) - 3.
5
What is the value of -4 + (-4 - -5 - -4 - -3) - 5?
-1
What is the value of 1 - -6 - (11 - (12 + -5 + 14))?
17
What is (4 - -1) + 2 - (-2 + (3 - -2))?
4
What is (-8 - -1) + (-256 - -240)?
-23
Calculate -20 + (-2 - (-11 + 3)) + -8 + 1.
-21
What is the value of (-1 + 16 - 57) + 23?
-19
Evaluate -16 + (31 - 39) - -39.
15
What is 27 - 26 - ((-2 - -30) + (7 - 11))?
-23
(9 - 7) + 15 - 13
4
Evaluate -27 - -20 - (-2 + 0 + 2 - -1).
-8
Calculate 0 - ((15 - -9) + -5).
-19
Evaluate 1 + 17 - (-20 - -48).
-10
Evaluate -23 + 19 + -1 + -1 - 4 - 4.
-14
-40 - (22 + (-22 - 19))
-21
What is the value of -13 - (3 + (-74 - -39))?
19
What is 16 + (7 + -12 - 8) - (4 - -1)?
-2
Evaluate 28 + (9 - 31) + 11 + 4.
21
What is (3 + 5 - -3) + 8 + -1?
18
What is -47 + 77 + (-58 - -38)?
10
What is the value of -7 + 10 + 7 + 8 + -17 + 1?
2
Calculate 55 + -17 + -18 + -14 + 0.
6
Evaluate -3 - ((5 - 5) + -9 + 2).
4
-2 + 1 + 1 - (108 + -100) - -12
4
What is (-7 + -26 - (3 - 1 - 2)) + 8?
-25
Calculate (0 - 0) + (-1 - -5) + 0.
4
Evaluate (-2 + 0 - 0) + 2 + -1 + -5.
-6
7 + (-5 - 0 - -8) + 10 + 3
23
Calculate (4 - (2 + -5 + 10)) + (2 - -6).
5
What is the value of 6 - (1 + (-9 - -12) + 23)?
-21
1 - (-10 - -19 - 1)
-7
-12 + 0 + -37 + 66
17
Evaluate 1 + 15 + -11 + -3.
2
What is -7 + -5 + 8 - (43 - 30)?
-17
Evaluate (-1 - -6) + (-2 + 10 - 5) + -15.
-7
Evaluate 32 - -2 - (-28 + 52).
10
What is 5 + -20 - -36 - 13?
8
What is the value of -18 + (39 + -21 - 5)?
-5
What is the value of 9 + 1 + (59 - 63)?
6
Calculate (-17 - (-8 + 2)) + (-20 - -4).
-27
Calculate 4 + 11 + -49 - -19.
-15
What is the value of 14 - (-35 + 25) - 11?
13
What is 10 + 13 - (29 - 10)?
4
What is -2 - (1 + (6 - (4 - -10))) - 9?
-4
Evaluate 11 + (-3 - 7) - (-2 + 22).
-19
What is the value of -1 - (-78 - -82 - (0 - 7))?
-12
What is -11 + (-6 + 15 - 11) + 19?
6
Calculate 21 + 13 + -18 + -8.
8
What is the value of (2 - 2) + -2 + (25 + -18 - -5)?
10
(4 - 15 - -4) + (8 - 1) + -5
-5
What is the value of -3 - -3 - (13 - (-1 + 5)) - 11?
-20
(-11 - -5) + (4 - (-11 + 5)) + -20
-16
What is (-4 + 7 - 8) + (-18 - -37)?
14
14 + -3 + 4 + (-16 - -12)
11
Calculate (-12 - -10) + 10 - (12 + -1).
-3
Calculate (-2 - -1) + (-165 - -170).
4
Evaluate 22 + (-3 - 15) + 0 + 18.
22
What is the value of 84 + -10 - 46 - -6?
34
(10 - 10 - 5) + (1 + 2 - 6)
-8
What is the value of 5 + -10 + 5 + -6 + 1?
-5
Evaluate -1 - 0 - 0 - (-218 + 213).
4
6 + 11 + -32 + 6 + -2
-11
-25 + 31 + 5 - 15
-4
3 - 3 - ((-7 - 1) + 14)
-6
What is 0 + 10 + 3 + -16?
-3
-11 - (-8 + (6 - 10) + 12)
-11
What is (-31 - -60 - 65) + 37?
1
What is the value of -1 - -1 - (-13 - -9) - 8?
-4
Evaluate -18 + 2 + -3 + 57.
38
Evaluate -38 - (-10 - (-11 + 30)).
-9
What is the value of (15 - 5) + -16 - (1 - 3) - -5?
1
What is the value of -1 + -5 - ((-3 - (-12 - -5)) + -25)?
15
Evaluate (-1 - -58 - (450 - 438)) + -15.
30
Calculate 17 - 39 - -15 - -11.
4
Evaluate -1 + 4 + (-28 + 34 - (20 - 0)).
-11
What is the value of 3 - 8 - (6 + (5 - 5 - 4))?
-7
Evaluate 4 + (-4 + 1 + -104 + 110 - 21).
-14
Evaluate 7 + 2 + -28 - (-3 + (-1 - 0)).
-15
19 + 1 + (-17 - 11) + 18
10
What is the value of (-15 + 12 - (5 + -15 + 4)) + -15?
-12
What is -126 + 120 + (-1 + 2 - 1) + 4?
-2
Calculate -9 + (3 - (5 + (-20 - 2))).
11
17 + (17 - 10) + -28
-4
(14 - 8) + 4 + -19
-9
What is (-1 - (1 + 2 + -5 + 8)) + 25?
18
What is the value of -18 + (7 + -8 - 4 - 3 - -9)?
-17
Calculate 3 + -4 + -1 + (-1 + -2 - 7).
-12
Calculate -3 + -2 + 7 - 2 - (1 + 12).
-13
What is the value of -2 + -1 + 24 + -16 + (13 - 7)?
11
What is 7 - -1 - 15 - (6 + -1 + -25)?
13
What is -27 + 11 + 3 + 7?
-6
Evaluate -236 + 200 + 2 + 38.
4
Evaluate 13 + 24 + -17 + -17 + -13 + -1.
-11
15 + (-7 + 34 + -15 - 20)
7
Evaluate -2 - (14 - (9 - -8)).
1
What is the value of -8 - -8 - (10 + 3)?
-13
Evaluate (-2 - (-26 + -11)) + -10 + -12.
13
Calculate 16 + (-22 - -9) + (-1 - 12).
-10
Calculate -10 + (-3 + 8 - 0) - (3 + 2).
-10
-6 - (5 - (4 - 4)) - (-2 - -2)
-11
Evaluate 2 - (-10 + -6 + 10 + 16 + -18).
10
Evaluate 13 - (17 + 1) - 9.
-14
What is 3 - (-1 + 4 + (31 - 28)) - -4?
1
What is 13 + (16 - (44 + 1))?
-16
What is the value of -7 + -1 + -3 + 0 + (37 - 37)?
-11
What is 1 + (-1 - -7) - (15 + -43 + 25)?
10
-12 - (9 + 8 + -51)
22
(-7 - (1 + -1)) + (1 + 2 - 4)
-8
Calculate -3 + -2 + 16 + -1 - -3.
13
143 + -166 + 0 + 18
-5
What is -2 - -17 - (-141 - -145)?
11
What is -1 + -35 + 7 + 2?
-27
What is the value of 15 - (-13 + (5 - -7) + 1)?
15
-12 - (-7 - 1) - (-6 - -2)
0
What is (1 - (-10 - -2)) + (1 - -1) + 3?
14
What is (1339 - 1363) + 2 + -2 + 8?
-16
What is the value of 12 + -15 + 0 - (0 + 0)?
-3
What is (-20 - 4) + 27 - (-9 + 2)?
10
Calculate -11 + 5 + 10 + -10 + -5.
-11
(2 - 42) + (19 - (6 - -6))
-33
What is -4 - -4 - (33 + -31)?
-2
Evaluate 41 + (-24 - 14) + 12.
15
(0 - (0 + 6)) + 6 + -6
-6
What is -26 - (32 + (-17 - 25))?
-16
Calculate 10 + -8 - (-16 + 10) - -7.
15
What is the value of 2 + -16 - (-2 - 26)?
14
What is the value of -3 + (3 - 7) + (12 - -2 - 8)?
-1
What is -4 + 15 + (8 - (9 - 9))?
19
Calculate 17 - 11 - (7 + (8 - 20)).
11
What is the value of (0 - 0 - (0 + 14 - 3)) + 5?
-6
(-1 - (5 - 2)) + -7 + -7 + 6
-12
What is the value of 25 + -11 + 3 - 30?
-13
What is the value of (16 - 6) + (-35 - -35)?
10
(39 - 72) + 31 - -31
29
What is the value of 5 - (9 + 5) - (23 - 17)?
-15
Calculate 8 + -16 + 33 - 35.
-10
Evaluate 4 - (-15 + 33) - -24.
10
What is the value of (1 - -2) + 4 